 + 1. Suppose x*s = 2*d + 136, d + 1 = -0. What is the units digit of s?
7
Let w = -139 - -199. Suppose 0 = -3*u - w + 303. What is the tens digit of u?
8
Suppose 520*k = 531*k - 2684. What is the hundreds digit of k?
2
Let v(s) be the third derivative of s**5/60 + 5*s**4/8 + 2*s**3 + 3*s**2. Let j be v(-11). What is the units digit of (2/4)/((-2)/j)?
8
Suppose -c + 3 = -3. Suppose -3*i + m = c*m - 502, i + 3*m - 174 = 0. What is the hundreds digit of i?
1
Suppose 14*l = 3*l + 1144. Suppose -4*t + n = -2*n - l, -4*n - 108 = -4*t. What is the tens digit of t?
2
Suppose -26*k - 5130 = -11*k. What is the units digit of ((-14)/3)/(6/k)?
6
What is the units digit of 4 - (5/15 + 6088/(-12))?
1
Let d be (-168)/(-32) - 2/8. Suppose -2*p - 15 = -7*p. Suppose p*b = d + 4. What is the units digit of b?
3
Let u = -71 + 477. What is the units digit of u?
6
Suppose -4 + 0 = 4*s, -119 = 2*o - 3*s. Let d = o + 236. What is the tens digit of d?
7
Suppose -144*v = -150*v + 3228. What is the tens digit of v?
3
Suppose -4*r - 4028 = -2*o, -o + 21*r - 26*r + 2007 = 0. What is the hundreds digit of o?
0
Let r(b) = -b**2 - 16. Let v(t) = -2*t**2 + t - 16. Let f(n) = 3*r(n) - 2*v(n). What is the units digit of f(9)?
7
Suppose 4587 = 4*u + 3*m, -4*u + 8*u = -2*m + 4590. What is the thousands digit of u?
1
Let o(b) = 123 + 128 - 246 - 35*b. What is the units digit of o(-4)?
5
Suppose 161 + 495 = 3*w - 2*o, 2*w - 434 = 2*o. What is the tens digit of w?
2
Let g(w) = 2*w - 3. Let i(a) = a**2 + 9*a - 6. Let q be i(-10). Let y be g(q). Suppose -v = -y*n + 38 + 78, -5*v = 5. What is the units digit of n?
3
Let g be (27/(-6))/((-3)/20). Let w = 90 - g. Suppose 0 = -3*f - 2*f + w. What is the tens digit of f?
1
Suppose 0 = -b + 4*b. Suppose 4*p - 28 + 8 = b. Let n(d) = d**3 - 4*d**2 - d. What is the tens digit of n(p)?
2
Let b(o) = -2*o + 4. Let l be b(0). Suppose 0*y + 88 = l*y - 2*p, 0 = 4*y - 4*p - 80. What is the units digit of y?
4
Let b = 211 - 112. Let k be (2 - 1)*12/6. Suppose b = n + k*n. What is the tens digit of n?
3
Suppose -11*f + 17*f - 5034 = 0. What is the tens digit of f?
3
Let f = 36 + -36. Suppose z - 83 = -2*p, f = p - 6*p. What is the units digit of z?
3
Suppose -111*f - 582 = -117*f. What is the tens digit of f?
9
What is the hundreds digit of ((-20)/36)/(15/(-9))*507?
1
Suppose 4*o - 893 = 3*f + 4854, 0 = 5*o - 4*f - 7183. What is the hundreds digit of o?
4
Suppose 0 = 5*i - y - 3009, 2404 = 4*i - 49*y + 45*y. What is the units digit of i?
2
Let j(i) = 2*i**3 - 23*i**2 + 15*i. Let o be (-22)/(4/(-6)*3). What is the units digit of j(o)?
4
Let i = 1 - -9. Let y be ((-8)/(-6))/(i/15). Suppose y*g = 5*g + 5*n - 52, -2*g + 2*n = -24. What is the tens digit of g?
1
Let c be (-28)/5 + 8/(-20). Suppose f + 4*z - 24 = 0, 0 = -2*f + 5*z - 9 - 8. What is the units digit of -10*(c/f - 0)?
5
Suppose 11*t - 92 = 9*t. Suppose 2*c = o - 6*o - t, o = c + 16. Let i = 12 - c. What is the units digit of i?
0
Let n = -433 + 837. What is the hundreds digit of n?
4
Suppose 21*y - 15*y = 4746. What is the units digit of y?
1
Suppose v + 3*i - 352 = -v, 3*v + 2*i = 518. What is the hundreds digit of v?
1
Let q be -2*1/((-1)/(-5)). Let d = 10 - q. Suppose 2*r - 10 = d. What is the units digit of r?
5
Let u(f) be the second derivative of -1/4*f**5 + 1/3*f**3 + f**2 + 5*f + 0 - 1/6*f**4. What is the tens digit of u(-2)?
3
Suppose k = 0, -r + 847 = 16*k - 14*k. What is the hundreds digit of r?
8
Suppose -2*f + 4 = 2*n - 4*f, -2*f = n - 2. Suppose -n*u = -27 - 21. What is the units digit of u?
4
Let a(j) = -j**2 - 13*j + 17. Let h be a(-14). What is the tens digit of (-1 - 67)/(h + (-30)/6)?
3
Let r be (-8 - -22) + (-1 - 2). Suppose 2*m - r = -113. What is the units digit of m/(-4) + 1/4?
3
Suppose -5*n + 4040 = -17*q + 21*q, -2*n + 1629 = -q. What is the units digit of n?
2
Suppose -3*t - 3 = 0, -3*y + 3*t + t = -22. Suppose 0 = -y*m + 3*m - 6. What is the tens digit of -80*m*3/15?
3
What is the units digit of 6/10 - 5/((-150)/10122)?
8
Suppose -9*x - 25*x = -61166. What is the hundreds digit of x?
7
Let n(u) = u**2 - 13*u + 8. Let a(j) = j**2 + 3*j - 6. Let t be a(-6). Let d be n(t). Let x = 12 + d. What is the units digit of x?
8
Let h(y) = 16*y**2 + 2*y + 2. Let k be h(-1). Suppose 5*m - 16 - k = 4*r, 5 = 2*m + r. What is the tens digit of 39 + m + 0 - 2?
4
Let c(l) = -77*l - 400. What is the hundreds digit of c(-19)?
0
Let u = 8 + -2. Suppose -65 = 5*h - u*h. What is the tens digit of h?
6
Let i be (198/(-5))/(24/(-60)). Let n = 199 - i. What is the tens digit of n?
0
Let x be 40/22 - 16/(-88). Suppose -9 = -5*z + 4*f - x*f, -2*z - 9 = -5*f. Let j(s) = 10*s - 4. What is the tens digit of j(z)?
2
Let u = 1494 - 865. What is the tens digit of u?
2
Suppose 3*h - 9*h = -2700. What is the tens digit of h?
5
Let w(v) = 28*v + 46. Let n(d) = 3*d + 54. Let s be n(-16). What is the tens digit of w(s)?
1
Let y be (8/2)/1 - 4. Suppose y = j + 24 - 67. What is the units digit of j?
3
Let q = 555 + -135. What is the tens digit of q?
2
Let a = 5 + -3. Let s(x) = 12*x**2 - 3*x + 2. Let n be s(a). Suppose 2*q - n = -b - 14, -4*q + 4 = 0. What is the tens digit of b?
2
Let o = -4 + 7. Suppose p - o*p - 3*w = -42, 0 = 3*p + 4*w - 65. What is the units digit of p?
7
Let h(w) = 7*w**3 - 4*w**2 + 5*w - 5. Let g be h(2). Let v = -8 + 5. What is the tens digit of (-1)/(v/g) - -2?
1
Let y be 12/2*3/6. Suppose 13 = -2*x - y*i, -2*x - 2*i - 12 = x. Let l(m) = -14*m + 2. What is the units digit of l(x)?
0
What is the units digit of (-8 - -5) + 304 + 5?
6
What is the units digit of (-109)/(36/16 + (-25)/10)?
6
Let s(o) = 12*o + 4. Let y(v) = -11*v - 3. Let b(g) = -6*s(g) - 8*y(g). What is the tens digit of b(1)?
1
Suppose 0 = -3*v + 6, -6*y + 1792 = -y - 4*v. What is the units digit of y?
0
Let w = -94 + 97. What is the hundreds digit of w/(-21) + (-10493)/(-49)?
2
What is the thousands digit of (-1 + 1 + 1)*(1796 - 1)?
1
Suppose 9 = 2*h - 11. Suppose -h*z - 215 = -15*z. What is the tens digit of z?
4
Suppose -25*x = -30*x + 45. Suppose -4*d = -x - 15. What is the tens digit of (-4)/d - 408/(-18)?
2
Suppose -1069*v - 9114 = -1076*v. What is the tens digit of v?
0
What is the units digit of (-1113)/(-35) + 1 - (-8)/(-10)?
2
Let f = 2967 - 1604. What is the hundreds digit of f?
3
Let k(s) = -s - 3. Let j be k(6). Let m be (-2)/11 + (-458)/22. Let l = j - m. What is the tens digit of l?
1
Suppose 3*w = -4*s + 7320, 5*w + 23*s = 18*s + 12200. What is the hundreds digit of w?
4
What is the units digit of (36/30)/((-33)/(-86570))?
8
Suppose 3*y - 15 = 0, 5*n - 3760 = 2*y - 3*y. What is the units digit of n?
1
Let f = 8 + 279. What is the hundreds digit of f?
2
What is the tens digit of (-9 + 6517/95)*(9 - -1)?
9
Suppose 0*l + 4*l = 2*z - 11700, -10 = -2*l. What is the units digit of z?
0
What is the hundreds digit of (6*97)/((-48)/(-64))?
7
Let g(f) = f**2 + f - 2. Let t be g(-3). Suppose -s + 6*w = 5*w - 11, -s + t*w = -17. What is the units digit of s?
9
Let j = 43 - 34. Suppose 0 = -3*x + 216 + j. What is the units digit of x?
5
Suppose 4*d + 0 = 16. Suppose -2*c = -d*c + 42. Let m = 34 - c. What is the units digit of m?
3
Let z be -3 - (-20 - 0/(2 + -1)). Let c = 51 - z. What is the tens digit of c?
3
Suppose -2*f - 9*t + 6*t = -1416, 1424 = 2*f + t. What is the tens digit of f?
1
Suppose 167*d = 180*d - 18837. What is the hundreds digit of d?
4
Let f(l) = 34*l**2 - l + 5. Let c(m) = -m**3 - 2*m**2 - 3*m - 4. Let z be c(-2). What is the hundreds digit of f(z)?
1
Suppose 146*q = 132*q + 27370. What is the units digit of q?
5
Let v = 47 + -44. Suppose -d + 17 = -v. What is the tens digit of d?
2
Suppose -y + 12537 = 4*d, -6*y = -5*d - 10*y + 15674. What is the units digit of d?
4
Suppose 5*b - 56 = 464. Suppose -4*m + 6*m - b = 0. Suppose -2*s = -2*v + 92, -m = -v - s + 4*s. What is the units digit of v?
3
Suppose -18 = 6*w - 3*w. Let x = 35 + w. Suppose u - x = -0*u. What is the tens digit of u?
2
Let q = 19 + -21. Let a be (q + 2)*3/(-6). Suppose g + a*g - 16 = 0. What is the tens digit of g?
1
Suppose 127469 = 36*h + 5*h. What is the thousands digit of h?
3
What is the units digit of 1101182/434 + (-12)/(-7) + -2?
7
Let r(l) be the first derivative of 7*l**4/4 - l**3 + l**2/2 + 2. What is the tens dig